{"id":3936,"date":"2024-05-22T11:35:04","date_gmt":"2024-05-22T18:35:04","guid":{"rendered":"https:\/\/www.thulieu.com\/?page_id=3936"},"modified":"2024-05-22T11:48:00","modified_gmt":"2024-05-22T18:48:00","slug":"tho-teu","status":"publish","type":"page","link":"https:\/\/www.thulieu.com\/?page_id=3936","title":{"rendered":"Th\u01a1 T\u1ebfu"},"content":{"rendered":"<div class=\"one\" >\n<div class=\"page_content_wrapper\">\n<div class=\"inner\">\n<div class=\"blog_grid_wrapper\">\n<div id=\"post-3942\" class=\"post type-post\">\n<div class=\"post_wrapper grid_layout\">\n<div class=\"post_header grid_layout\">\n<div class=\"post_subtitle\"><a href=\"https:\/\/www.thulieu.com\/?cat=20\">Th\u01a1<\/a>&nbsp;<a href=\"https:\/\/www.thulieu.com\/?cat=68\">Th\u01a1 T\u1ebfu<\/a>&nbsp;<\/div>\n<h5><a href=\"https:\/\/www.thulieu.com\/?p=3942\" title=\"Test\">Test<\/a><\/h5>\n<div class=\"post_detail\">March 22, 2024&nbsp;by&nbsp;<a href=\"http:\/\/www.thulieu.com\">Thu-Lieu<\/a>&nbsp;<\/div>\n<\/div>\n<p><br class=\"clear\"\/><br \/>Em ngoan m\u1ed9t b\u1eefa Anh nh\u1edd C\u1ee9 \u0111i ngh\u1ecbch ph\u00e1 cho kh\u1edd tim Anh \u1eea th\u00ec em th\u00f4i \u0111\u00e0nh hanh&#8230;<\/p>\n<p>\n\t\t\t\t    \t\t<a class=\"readmore button transparent\" href=\"https:\/\/www.thulieu.com\/?p=3942\">Read More<\/a>\n\t\t\t    <\/div>\n<\/p><\/div>\n<\/div>\n<p><br class=\"clear\"\/><\/div>\n<\/div>\n<\/div>\n","protected":false},"excerpt":{"rendered":"<p>Th\u01a1&nbsp;Th\u01a1 T\u1ebfu&nbsp; Test March 22, 2024&nbsp;by&nbsp;Thu-Lieu&nbsp; Em ngoan m\u1ed9t b\u1eefa Anh nh\u1edd C\u1ee9 \u0111i ngh\u1ecbch ph\u00e1 cho kh\u1edd tim Anh \u1eea th\u00ec em th\u00f4i \u0111\u00e0nh hanh&#8230; Read More<\/p>\n","protected":false},"author":1,"featured_media":0,"parent":0,"menu_order":0,"comment_status":"closed","ping_status":"closed","template":"","meta":{"_exactmetrics_skip_tracking":false,"_exactmetrics_sitenote_active":false,"_exactmetrics_sitenote_note":"","_exactmetrics_sitenote_category":0,"footnotes":""},"class_list":["post-3936","page","type-page","status-publish","hentry"],"_links":{"self":[{"href":"https:\/\/www.thulieu.com\/index.php?rest_route=\/wp\/v2\/pages\/3936","targetHints":{"allow":["GET"]}}],"collection":[{"href":"https:\/\/www.thulieu.com\/index.php?rest_route=\/wp\/v2\/pages"}],"about":[{"href":"https:\/\/www.thulieu.com\/index.php?rest_route=\/wp\/v2\/types\/page"}],"author":[{"embeddable":true,"href":"https:\/\/www.thulieu.com\/index.php?rest_route=\/wp\/v2\/users\/1"}],"replies":[{"embeddable":true,"href":"https:\/\/www.thulieu.com\/index.php?rest_route=%2Fwp%2Fv2%2Fcomments&post=3936"}],"version-history":[{"count":2,"href":"https:\/\/www.thulieu.com\/index.php?rest_route=\/wp\/v2\/pages\/3936\/revisions"}],"predecessor-version":[{"id":3945,"href":"https:\/\/www.thulieu.com\/index.php?rest_route=\/wp\/v2\/pages\/3936\/revisions\/3945"}],"wp:attachment":[{"href":"https:\/\/www.thulieu.com\/index.php?rest_route=%2Fwp%2Fv2%2Fmedia&parent=3936"}],"curies":[{"name":"wp","href":"https:\/\/api.w.org\/{rel}","templated":true}]}}