{"id":2846,"date":"2024-02-15T07:00:07","date_gmt":"2024-02-15T15:00:07","guid":{"rendered":"https:\/\/www.thulieu.com\/?page_id=2846"},"modified":"2024-05-20T23:40:15","modified_gmt":"2024-05-21T06:40:15","slug":"photography","status":"publish","type":"page","link":"https:\/\/www.thulieu.com\/?page_id=2846","title":{"rendered":"PHOTOGRAPHY"},"content":{"rendered":"<div class=\"one\" >\n<div class=\"page_content_wrapper\">\n<div class=\"inner\">\n<h2 class=\"ppb_title\">Th\u00edch G\u00ec Ch\u1ee5p N\u1ea5y<\/h2>\n<\/p>\n<p>&#8220;Th\u00edch g\u00ec ch\u1ee5p n\u1ea5y&#8221;. T\u00f4i th\u00edch c\u00e1ch ghi l\u1ea1i nh\u1eefng kho\u1ea3nh kh\u1eafc tr\u00ean m\u00e1y \u1ea3nh v\u00e0 th\u00edch nh\u1ea5t khi \u0111\u01b0\u1ee3c ghi l\u1ea1i &#8220;decisive moment&#8221;, l\u00e0 nh\u1eefng kho\u1ea3nh kh\u1eafc t\u00ecnh c\u1edd, b\u1ea5t ch\u1ee3t c\u00f3 \u0111\u01b0\u1ee3c trong t\u1ea7m nh\u00ecn c\u1ee7a chi\u1ebfc m\u00e1y \u1ea3nh. Ghi l\u1ea1i \u0111\u01b0\u1ee3c nh\u1eefng kho\u1ea3nh kh\u1eafc \u0111\u00f3 \u0111\u1ec1u l\u00e0m tim t\u00f4i, t\u00e2m h\u1ed3n t\u00f4i rung \u0111\u1ed9ng. Th\u1ea5y v\u00e0 canh \u0111\u01b0\u1ee3c l\u00e0 b\u1ea5m m\u00e1y ngay t\u1ee9c th\u00ec! B\u1edfi kho\u1ea3nh kho\u1eafc nh\u01b0 m\u00e2y tr\u00f4i, nh\u01b0 m\u01b0a r\u01a1i, ch\u1ec9 trong t\u00edc t\u1eafc c\u1ee7a gi\u00e2y \u0111\u1ed3ng h\u1ed3 s\u1ebd thay \u0111\u1ed5i ho\u00e0n to\u00e0n trong t\u1ea7m nh\u00ecn, trong t\u00ecnh hu\u1ed1ng.<\/p>\n<p><\/br><\/p>\n<p><center><a class=\"button small center\" onclick=\"window.open('https:\/\/www.thulieu.com\/?p=3451', '_self')\">\u0110\u1ecdc Ti\u1ebfp \u1ede \u0110\u00e2y<\/a><\/center><\/p>\n<p><br class=\"clear\"\/><\/p>\n<div class=\"blog_grid_wrapper\">\n<div id=\"post-3607\" class=\"post type-post\">\n<div class=\"post_wrapper grid_layout\">\n<div class=\"post_img\">\n\t\t\t\t\t    <a href=\"https:\/\/www.thulieu.com\/?p=3607\"><br \/>\n\t\t\t\t\t    \t<img decoding=\"async\" src=\"https:\/\/www.thulieu.com\/wp-content\/uploads\/2024\/05\/Oranges_Grapefruits_1080_sm_01-485x485.jpg\" alt=\"\" class=\"\"\/><br \/>\n\t\t\t\t\t    <\/a>\n\t\t\t\t\t<\/div>\n<div class=\"post_header grid_layout\">\n<div class=\"post_subtitle\"><a href=\"https:\/\/www.thulieu.com\/?cat=3\">Photography<\/a>&nbsp;<\/div>\n<h5><a href=\"https:\/\/www.thulieu.com\/?p=3607\" title=\"B\u01b0\u1edfi &#8211; Cam &#8211; H\u00ecnh T\u0129nh V\u1eadt\">B\u01b0\u1edfi &#8211; Cam &#8211; H\u00ecnh T\u0129nh V\u1eadt<\/a><\/h5>\n<div class=\"post_detail\">May 14, 2024&nbsp;by&nbsp;<a href=\"http:\/\/www.thulieu.com\">emMe<\/a>&nbsp;<\/div>\n<\/div>\n<p><br class=\"clear\"\/><br \/>Ph\u1ed1 Bi\u1ec3n \u0110\u1ed3i T\u00e2y \u1edf \u0111\u00e2y n\u0103m nay \u0111\u01b0\u1ee3c m\u01b0a nhi\u1ec1u nh\u01b0ng \u00edt n\u1eafng. S\u01b0\u01a1ng gi\u0103ng l\u00e3ng&#8230;<\/p>\n<p>\n\t\t\t\t    \t\t<a class=\"readmore button transparent\" href=\"https:\/\/www.thulieu.com\/?p=3607\">Read More<\/a>\n\t\t\t    <\/div>\n<\/p><\/div>\n<div id=\"post-3451\" class=\"post type-post\">\n<div class=\"post_wrapper grid_layout\">\n<div class=\"post_img\">\n\t\t\t\t\t    <a href=\"https:\/\/www.thulieu.com\/?p=3451\"><br \/>\n\t\t\t\t\t    \t<img decoding=\"async\" src=\"https:\/\/www.thulieu.com\/wp-content\/uploads\/2024\/05\/Photography_banner_006-485x485.jpg\" alt=\"\" class=\"\"\/><br \/>\n\t\t\t\t\t    <\/a>\n\t\t\t\t\t<\/div>\n<div class=\"post_header grid_layout\">\n<div class=\"post_subtitle\"><a href=\"https:\/\/www.thulieu.com\/?cat=3\">Photography<\/a>&nbsp;<a href=\"https:\/\/www.thulieu.com\/?cat=22\">T\u00f9y B\u00fat<\/a>&nbsp;<\/div>\n<h5><a href=\"https:\/\/www.thulieu.com\/?p=3451\" title=\"Th\u00edch G\u00ec Ch\u1ee5p N\u1ea5y\">Th\u00edch G\u00ec Ch\u1ee5p N\u1ea5y<\/a><\/h5>\n<div class=\"post_detail\">May 10, 2024&nbsp;by&nbsp;<a href=\"http:\/\/www.thulieu.com\">emMe<\/a>&nbsp;<\/div>\n<\/div>\n<p><br class=\"clear\"\/><br \/>\u201cTh\u00edch g\u00ec ch\u1ee5p n\u1ea5y\u201d. T\u00f4i th\u00edch c\u00e1ch ghi l\u1ea1i nh\u1eefng kho\u1ea3nh kh\u1eafc tr\u00ean m\u00e1y \u1ea3nh v\u00e0 th\u00edch&#8230;<\/p>\n<p>\n\t\t\t\t    \t\t<a class=\"readmore button transparent\" href=\"https:\/\/www.thulieu.com\/?p=3451\">Read More<\/a>\n\t\t\t    <\/div>\n<\/p><\/div>\n<div id=\"post-2258\" class=\"post type-post\">\n<div class=\"post_wrapper grid_layout\">\n<div class=\"post_img\">\n\t\t\t\t\t    <a href=\"https:\/\/www.thulieu.com\/?p=2258\"><br \/>\n\t\t\t\t\t    \t<img decoding=\"async\" src=\"https:\/\/www.thulieu.com\/wp-content\/uploads\/2024\/03\/Tinh_vat_0003-485x485.jpg\" alt=\"\" class=\"\"\/><br \/>\n\t\t\t\t\t    <\/a>\n\t\t\t\t\t<\/div>\n<div class=\"post_header grid_layout\">\n<div class=\"post_subtitle\"><a href=\"https:\/\/www.thulieu.com\/?cat=3\">Photography<\/a>&nbsp;<\/div>\n<h5><a href=\"https:\/\/www.thulieu.com\/?p=2258\" title=\"HOA L\u00ca\">HOA L\u00ca<\/a><\/h5>\n<div class=\"post_detail\">March 15, 2024&nbsp;by&nbsp;<a href=\"http:\/\/www.thulieu.com\">emMe<\/a>&nbsp;<\/div>\n<\/div>\n<p><br class=\"clear\"\/><br \/>Ng\u00e0y xu\u00e2n con \u00e9n \u0111\u01b0a thoi, Thi\u1ec1u quang ch\u00edn ch\u1ee5c \u0111\u00e3 ngo\u00e0i s\u00e1u m\u01b0\u01a1i.. C\u1ecf non xanh t\u1eadn&#8230;<\/p>\n<p>\n\t\t\t\t    \t\t<a class=\"readmore button transparent\" href=\"https:\/\/www.thulieu.com\/?p=2258\">Read More<\/a>\n\t\t\t    <\/div>\n<\/p><\/div>\n<\/div>\n<p><br class=\"clear\"\/><\/div>\n<\/div>\n<\/div>\n<div class=\"one ppb_galleries\" >\n<div class=\"page_content_wrapper\">\n<div class=\"inner\">\n<h2 class=\"ppb_title\">Photo Galleries<\/h2>\n<div class=\"blog_grid_wrapper\">\n<div class=\"wall_entry type-post post gallery masonry element\">\n<div class=\"image_grid_frame\">\n<div class=\"wall_thumbnail post_archive\">\n\t\t\t\t    \t<a href=\"https:\/\/www.thulieu.com\/?galleries=travel\" class=\"gallery_wrapper\"><br \/>\n\t\t\t\t    \t\t<img decoding=\"async\" src=\"https:\/\/www.thulieu.com\/wp-content\/uploads\/2024\/03\/Venice_2005_0022-485x485.jpg\" alt=\"\" class=\"portfolio_img static\"\/><\/p>\n<div class=\"mask transparent\">\n<div class=\"mask_frame\">\n<ul class=\"gallery_img_slides\">\n<li><img decoding=\"async\" src=\"https:\/\/www.thulieu.com\/wp-content\/uploads\/2024\/03\/Venice_2005_0057-485x485.jpg\" alt=\"\" class=\"static\"\/><\/li>\n<li><img decoding=\"async\" src=\"https:\/\/www.thulieu.com\/wp-content\/uploads\/2024\/03\/Venice_2005_0084-485x485.jpg\" alt=\"\" class=\"static\"\/><\/li>\n<li><img decoding=\"async\" src=\"https:\/\/www.thulieu.com\/wp-content\/uploads\/2024\/03\/Venice_2005_0021-485x485.jpg\" alt=\"\" class=\"static\"\/><\/li>\n<li><img decoding=\"async\" src=\"https:\/\/www.thulieu.com\/wp-content\/uploads\/2024\/03\/Venice_2005_0064-485x485.jpg\" alt=\"\" class=\"static\"\/><\/li>\n<li><img decoding=\"async\" src=\"https:\/\/www.thulieu.com\/wp-content\/uploads\/2024\/03\/Venice_2005_0060-485x485.jpg\" alt=\"\" class=\"static\"\/><\/li>\n<\/ul>\n<\/div><\/div>\n<p>\t\t\t\t\t\t<\/a><br \/>\n\t\t\t\t\t\t<br class=\"clear\"\/><\/p>\n<h6>Venice Part 1<\/h6>\n<div class=\"gallery_excerpt\"><\/div>\n<\/p><\/div>\n<\/p><\/div>\n<\/div>\n<div class=\"wall_entry type-post post gallery masonry element\">\n<div class=\"image_grid_frame\">\n<div class=\"wall_thumbnail post_archive\">\n\t\t\t\t    \t<a href=\"https:\/\/www.thulieu.com\/?galleries=venice-2005-part-2\" class=\"gallery_wrapper\"><br \/>\n\t\t\t\t    \t\t<img decoding=\"async\" src=\"https:\/\/www.thulieu.com\/wp-content\/uploads\/2024\/03\/Venice_2005_0057-485x485.jpg\" alt=\"\" class=\"portfolio_img static\"\/><\/p>\n<div class=\"mask transparent\">\n<div class=\"mask_frame\">\n<ul class=\"gallery_img_slides\">\n<li><img decoding=\"async\" src=\"https:\/\/www.thulieu.com\/wp-content\/uploads\/2024\/03\/Venice_2005_0049-485x485.jpg\" alt=\"\" class=\"static\"\/><\/li>\n<li><img decoding=\"async\" src=\"https:\/\/www.thulieu.com\/wp-content\/uploads\/2024\/03\/Venice_2005_0050-485x485.jpg\" alt=\"\" class=\"static\"\/><\/li>\n<li><img decoding=\"async\" src=\"https:\/\/www.thulieu.com\/wp-content\/uploads\/2024\/03\/Venice_2005_0115-485x485.jpg\" alt=\"\" class=\"static\"\/><\/li>\n<li><img decoding=\"async\" src=\"https:\/\/www.thulieu.com\/wp-content\/uploads\/2024\/03\/Venice_2005_0077-485x485.jpg\" alt=\"\" class=\"static\"\/><\/li>\n<li><img decoding=\"async\" src=\"https:\/\/www.thulieu.com\/wp-content\/uploads\/2024\/03\/Venice_2005_0060-485x485.jpg\" alt=\"\" class=\"static\"\/><\/li>\n<\/ul>\n<\/div><\/div>\n<p>\t\t\t\t\t\t<\/a><br \/>\n\t\t\t\t\t\t<br class=\"clear\"\/><\/p>\n<h6>Venice Part 2<\/h6>\n<div class=\"gallery_excerpt\"><\/div>\n<\/p><\/div>\n<\/p><\/div>\n<\/div>\n<div class=\"wall_entry type-post post gallery masonry element\">\n<div class=\"image_grid_frame\">\n<div class=\"wall_thumbnail post_archive\">\n\t\t\t\t    \t<a href=\"https:\/\/www.thulieu.com\/?galleries=du-xuan-hoi-cho-tet-o-san-diego\" class=\"gallery_wrapper\"><br \/>\n\t\t\t\t    \t\t<img decoding=\"async\" src=\"https:\/\/www.thulieu.com\/wp-content\/uploads\/2024\/05\/Du_xuan_002-485x485.jpg\" alt=\"\" class=\"portfolio_img static\"\/><\/p>\n<div class=\"mask transparent\">\n<div class=\"mask_frame\">\n<ul class=\"gallery_img_slides\">\n<li><img decoding=\"async\" src=\"https:\/\/www.thulieu.com\/wp-content\/uploads\/2024\/05\/Tet_2010_0001-1-485x485.jpg\" alt=\"\" class=\"static\"\/><\/li>\n<li><img decoding=\"async\" src=\"https:\/\/www.thulieu.com\/wp-content\/uploads\/2024\/05\/Tet_2010_0002-485x485.jpg\" alt=\"\" class=\"static\"\/><\/li>\n<li><img decoding=\"async\" src=\"https:\/\/www.thulieu.com\/wp-content\/uploads\/2024\/05\/Tet_2010_0005-485x485.jpg\" alt=\"\" class=\"static\"\/><\/li>\n<li><img decoding=\"async\" src=\"https:\/\/www.thulieu.com\/wp-content\/uploads\/2024\/05\/Tet_2010_0007-485x485.jpg\" alt=\"\" class=\"static\"\/><\/li>\n<li><img decoding=\"async\" src=\"https:\/\/www.thulieu.com\/wp-content\/uploads\/2024\/05\/Tet_2010_0010-485x485.jpg\" alt=\"\" class=\"static\"\/><\/li>\n<\/ul>\n<\/div><\/div>\n<p>\t\t\t\t\t\t<\/a><br \/>\n\t\t\t\t\t\t<br class=\"clear\"\/><\/p>\n<h6>Du Xu\u00e2n &#8211; H\u1ed9i Ch\u1ee3 T\u1ebft \u1edf San Diego<\/h6>\n<div class=\"gallery_excerpt\">M\u1ed9t v\u00e0i h\u00ecnh \u1ea3nh &#8220;candid&#8221; c\u1ee7a h\u1ed9i ch\u1ee3 T\u1ebft 2010 \u1edf San Diego do h\u1ed9i Sinh Vi\u00ean t\u1ed5 ch\u1ee9c.<\/div>\n<\/p><\/div>\n<\/p><\/div>\n<\/div>\n<div class=\"wall_entry type-post post gallery masonry element\">\n<div class=\"image_grid_frame\">\n<div class=\"wall_thumbnail post_archive\">\n\t\t\t\t    \t<a href=\"https:\/\/www.thulieu.com\/?galleries=hinh-tinh-vat-still-life-photography\" class=\"gallery_wrapper\"><br \/>\n\t\t\t\t    \t\t<img decoding=\"async\" src=\"https:\/\/www.thulieu.com\/wp-content\/uploads\/2024\/03\/Tinh_vat_0002-485x485.jpg\" alt=\"\" class=\"portfolio_img static\"\/><\/p>\n<div class=\"mask transparent\">\n<div class=\"mask_frame\">\n<ul class=\"gallery_img_slides\">\n<li><img decoding=\"async\" src=\"https:\/\/www.thulieu.com\/wp-content\/uploads\/2024\/02\/Tet__02_667x1000-485x485.jpg\" alt=\"\" class=\"static\"\/><\/li>\n<li><img decoding=\"async\" src=\"https:\/\/www.thulieu.com\/wp-content\/uploads\/2024\/02\/Tet_001_sm800-485x485.jpg\" alt=\"\" class=\"static\"\/><\/li>\n<li><img decoding=\"async\" src=\"https:\/\/www.thulieu.com\/wp-content\/uploads\/2024\/02\/Oranges_1080_03-485x485.jpg\" alt=\"\" class=\"static\"\/><\/li>\n<li><img decoding=\"async\" src=\"https:\/\/www.thulieu.com\/wp-content\/uploads\/2024\/02\/Oranges_01_D-485x485.jpg\" alt=\"\" class=\"static\"\/><\/li>\n<li><img decoding=\"async\" src=\"https:\/\/www.thulieu.com\/wp-content\/uploads\/2024\/02\/Tet_Nham_Dan_2022_02-485x485.jpg\" alt=\"\" class=\"static\"\/><\/li>\n<\/ul>\n<\/div><\/div>\n<p>\t\t\t\t\t\t<\/a><br \/>\n\t\t\t\t\t\t<br class=\"clear\"\/><\/p>\n<h6>H\u00ccNH T\u0128NH V\u1eacT (Still Life Photography)<\/h6>\n<div class=\"gallery_excerpt\"><\/div>\n<\/p><\/div>\n<\/p><\/div>\n<\/div>\n<div class=\"wall_entry type-post post gallery masonry element\">\n<div class=\"image_grid_frame\">\n<div class=\"wall_thumbnail post_archive\">\n\t\t\t\t    \t<a href=\"https:\/\/www.thulieu.com\/?galleries=mung-le-phuc-sinh\" class=\"gallery_wrapper\"><br \/>\n\t\t\t\t    \t\t<img decoding=\"async\" src=\"https:\/\/www.thulieu.com\/wp-content\/uploads\/2024\/03\/Hawaii_2007_easter_018-485x485.jpg\" alt=\"\" class=\"portfolio_img static\"\/><\/p>\n<div class=\"mask transparent\">\n<div class=\"mask_frame\">\n<ul class=\"gallery_img_slides\">\n<li><img decoding=\"async\" src=\"https:\/\/www.thulieu.com\/wp-content\/uploads\/2024\/03\/My-First-Easter-485x485.jpg\" alt=\"\" class=\"static\"\/><\/li>\n<li><img decoding=\"async\" src=\"https:\/\/www.thulieu.com\/wp-content\/uploads\/2024\/03\/Hawaii_2007_easter_001-485x485.jpg\" alt=\"\" class=\"static\"\/><\/li>\n<li><img decoding=\"async\" src=\"https:\/\/www.thulieu.com\/wp-content\/uploads\/2024\/03\/Hawaii_2007_easter_002-485x485.jpg\" alt=\"\" class=\"static\"\/><\/li>\n<li><img decoding=\"async\" src=\"https:\/\/www.thulieu.com\/wp-content\/uploads\/2024\/03\/Hawaii_2007_easter_003-485x485.jpg\" alt=\"\" class=\"static\"\/><\/li>\n<li><img decoding=\"async\" src=\"https:\/\/www.thulieu.com\/wp-content\/uploads\/2024\/03\/Hawaii_2007_easter_005-485x485.jpg\" alt=\"\" class=\"static\"\/><\/li>\n<\/ul>\n<\/div><\/div>\n<p>\t\t\t\t\t\t<\/a><br \/>\n\t\t\t\t\t\t<br class=\"clear\"\/><\/p>\n<h6>M\u1eebng L\u1ec5 Ph\u1ee5c Sinh<\/h6>\n<div class=\"gallery_excerpt\"><\/div>\n<\/p><\/div>\n<\/p><\/div>\n<\/div>\n<\/div>\n<\/div>\n<\/div>\n<\/div>\n","protected":false},"excerpt":{"rendered":"<p>Th\u00edch G\u00ec Ch\u1ee5p N\u1ea5y &#8220;Th\u00edch g\u00ec ch\u1ee5p n\u1ea5y&#8221;. T\u00f4i th\u00edch c\u00e1ch ghi l\u1ea1i nh\u1eefng kho\u1ea3nh kh\u1eafc tr\u00ean m\u00e1y \u1ea3nh v\u00e0 th\u00edch nh\u1ea5t khi \u0111\u01b0\u1ee3c ghi l\u1ea1i &#8220;decisive moment&#8221;, l\u00e0 nh\u1eefng kho\u1ea3nh kh\u1eafc t\u00ecnh c\u1edd, b\u1ea5t ch\u1ee3t c\u00f3 \u0111\u01b0\u1ee3c trong t\u1ea7m nh\u00ecn c\u1ee7a chi\u1ebfc m\u00e1y \u1ea3nh. Ghi l\u1ea1i \u0111\u01b0\u1ee3c nh\u1eefng kho\u1ea3nh kh\u1eafc \u0111\u00f3 \u0111\u1ec1u l\u00e0m tim [&hellip;]<\/p>\n","protected":false},"author":1,"featured_media":0,"parent":0,"menu_order":0,"comment_status":"closed","ping_status":"closed","template":"","meta":{"_exactmetrics_skip_tracking":false,"_exactmetrics_sitenote_active":false,"_exactmetrics_sitenote_note":"","_exactmetrics_sitenote_category":0,"footnotes":""},"class_list":["post-2846","page","type-page","status-publish","hentry"],"_links":{"self":[{"href":"https:\/\/www.thulieu.com\/index.php?rest_route=\/wp\/v2\/pages\/2846","targetHints":{"allow":["GET"]}}],"collection":[{"href":"https:\/\/www.thulieu.com\/index.php?rest_route=\/wp\/v2\/pages"}],"about":[{"href":"https:\/\/www.thulieu.com\/index.php?rest_route=\/wp\/v2\/types\/page"}],"author":[{"embeddable":true,"href":"https:\/\/www.thulieu.com\/index.php?rest_route=\/wp\/v2\/users\/1"}],"replies":[{"embeddable":true,"href":"https:\/\/www.thulieu.com\/index.php?rest_route=%2Fwp%2Fv2%2Fcomments&post=2846"}],"version-history":[{"count":24,"href":"https:\/\/www.thulieu.com\/index.php?rest_route=\/wp\/v2\/pages\/2846\/revisions"}],"predecessor-version":[{"id":3888,"href":"https:\/\/www.thulieu.com\/index.php?rest_route=\/wp\/v2\/pages\/2846\/revisions\/3888"}],"wp:attachment":[{"href":"https:\/\/www.thulieu.com\/index.php?rest_route=%2Fwp%2Fv2%2Fmedia&parent=2846"}],"curies":[{"name":"wp","href":"https:\/\/api.w.org\/{rel}","templated":true}]}}