{"id":2727,"date":"2024-03-20T17:41:20","date_gmt":"2024-03-20T17:41:20","guid":{"rendered":"https:\/\/www.thulieu.com\/?page_id=2727"},"modified":"2024-05-30T11:27:11","modified_gmt":"2024-05-30T18:27:11","slug":"mixed-media-paintings","status":"publish","type":"page","link":"https:\/\/www.thulieu.com\/?page_id=2727","title":{"rendered":"Mixed Media"},"content":{"rendered":"<div class=\"one ppb_galleries\" >\n<div class=\"page_content_wrapper\">\n<div class=\"inner\">\n<div class=\"blog_grid_wrapper\">\n<div class=\"wall_entry type-post post gallery masonry element\">\n<div class=\"image_grid_frame\">\n<div class=\"wall_thumbnail post_archive\">\n\t\t\t\t    \t<a href=\"https:\/\/www.thulieu.com\/?galleries=mixed-media\" class=\"gallery_wrapper\"><br \/>\n\t\t\t\t    \t\t<img decoding=\"async\" src=\"https:\/\/www.thulieu.com\/wp-content\/uploads\/2024\/02\/Old_drawing_027-485x485.jpg\" alt=\"\" class=\"portfolio_img static\"\/><\/p>\n<div class=\"mask transparent\">\n<div class=\"mask_frame\">\n<ul class=\"gallery_img_slides\">\n<li><img decoding=\"async\" src=\"https:\/\/www.thulieu.com\/wp-content\/uploads\/2024\/02\/Old_drawing_026-485x485.jpg\" alt=\"\" class=\"static\"\/><\/li>\n<li><img decoding=\"async\" src=\"https:\/\/www.thulieu.com\/wp-content\/uploads\/2024\/02\/Old_drawing_028-485x485.jpg\" alt=\"\" class=\"static\"\/><\/li>\n<li><img decoding=\"async\" src=\"https:\/\/www.thulieu.com\/wp-content\/uploads\/2024\/02\/Old_drawing_010-485x485.jpg\" alt=\"\" class=\"static\"\/><\/li>\n<li><img decoding=\"async\" src=\"https:\/\/www.thulieu.com\/wp-content\/uploads\/2024\/02\/Old_drawing_025-485x485.jpg\" alt=\"\" class=\"static\"\/><\/li>\n<li><img decoding=\"async\" src=\"https:\/\/www.thulieu.com\/wp-content\/uploads\/2024\/02\/Old_drawing_027-485x485.jpg\" alt=\"\" class=\"static\"\/><\/li>\n<\/ul>\n<\/div><\/div>\n<p>\t\t\t\t\t\t<\/a><br \/>\n\t\t\t\t\t\t<br class=\"clear\"\/><\/p>\n<h6>\u0110\u1ea1i Kh\u00e1i Tranh X\u01b0a<\/h6>\n<div class=\"gallery_excerpt\">\u1ede \u0111\u00e2y l\u00e0 nh\u1eefng b\u1ee9c tranh TL v\u1ebd &#8220;vu v\u01a1&#8221; t\u1eeb thu\u1edf c\u00f2n b\u00e9 t\u1eb9o 11-12 tu\u1ed5i. Tranh v\u1ebd l\u00fac \u0111\u01b0\u1ee3c \u0111i h\u1ecdc th\u00eam \u1edf ph\u00f2ng v\u1ebd t\u01b0 nh\u00e2n, sau nh\u1eefng bu\u1ed5i h\u1ecdc \u1edf trung h\u1ecdc Tr\u01b0ng V\u01b0\u01a1ng. TL \u0111\u00e3 h\u1ecdc th\u00eam c\u00e1ch v\u1ebd b\u1eb1ng ch\u00ec, b\u1eb1ng l\u1ecd ngh\u1ec7 c\u1ee7a d\u1ea7u \u0111\u1eadu ph\u1ee5ng (soots). H\u1ecdc c\u00e1ch v\u1ebd s\u01a1n d\u1ea7u tr\u00ean l\u1ee5a v\u00e0 v\u1ea3i b\u1ed1 (canvas). V\u00e0 m\u1ed9t v\u00e0i b\u1ee9c tranh \u0111\u1ea1i kh\u00e1i trong th\u1eddi c\u00f2n \u0111i h\u1ecdc&#8230; \u0111\u1ea1i \u1edf Hoa K\u1ef3. Nh\u1eefng t\u1ea5m tranh v\u1ebd b\u1eb1ng ch\u00ec v\u00e0 ch\u00ec m\u00e0u to\u00e0n tr\u00ean gi\u1ea5y &#8220;l\u1ee5m di\u00e0&#8221; t\u1eeb trong to\u00e0 \u0110\u1ea1i S\u1ee9 [&#8230;]<\/div>\n<\/p><\/div>\n<\/p><\/div>\n<\/div>\n<\/div>\n<\/div>\n<\/div>\n<\/div>\n","protected":false},"excerpt":{"rendered":"<p>\u0110\u1ea1i Kh\u00e1i Tranh X\u01b0a \u1ede \u0111\u00e2y l\u00e0 nh\u1eefng b\u1ee9c tranh TL v\u1ebd &#8220;vu v\u01a1&#8221; t\u1eeb thu\u1edf c\u00f2n b\u00e9 t\u1eb9o 11-12 tu\u1ed5i. Tranh v\u1ebd l\u00fac \u0111\u01b0\u1ee3c \u0111i h\u1ecdc th\u00eam \u1edf ph\u00f2ng v\u1ebd t\u01b0 nh\u00e2n, sau nh\u1eefng bu\u1ed5i h\u1ecdc \u1edf trung h\u1ecdc Tr\u01b0ng V\u01b0\u01a1ng. TL \u0111\u00e3 h\u1ecdc th\u00eam c\u00e1ch v\u1ebd b\u1eb1ng ch\u00ec, b\u1eb1ng l\u1ecd ngh\u1ec7 c\u1ee7a d\u1ea7u [&hellip;]<\/p>\n","protected":false},"author":1,"featured_media":0,"parent":0,"menu_order":0,"comment_status":"closed","ping_status":"closed","template":"","meta":{"_exactmetrics_skip_tracking":false,"_exactmetrics_sitenote_active":false,"_exactmetrics_sitenote_note":"","_exactmetrics_sitenote_category":0,"footnotes":""},"class_list":["post-2727","page","type-page","status-publish","hentry"],"_links":{"self":[{"href":"https:\/\/www.thulieu.com\/index.php?rest_route=\/wp\/v2\/pages\/2727","targetHints":{"allow":["GET"]}}],"collection":[{"href":"https:\/\/www.thulieu.com\/index.php?rest_route=\/wp\/v2\/pages"}],"about":[{"href":"https:\/\/www.thulieu.com\/index.php?rest_route=\/wp\/v2\/types\/page"}],"author":[{"embeddable":true,"href":"https:\/\/www.thulieu.com\/index.php?rest_route=\/wp\/v2\/users\/1"}],"replies":[{"embeddable":true,"href":"https:\/\/www.thulieu.com\/index.php?rest_route=%2Fwp%2Fv2%2Fcomments&post=2727"}],"version-history":[{"count":3,"href":"https:\/\/www.thulieu.com\/index.php?rest_route=\/wp\/v2\/pages\/2727\/revisions"}],"predecessor-version":[{"id":4071,"href":"https:\/\/www.thulieu.com\/index.php?rest_route=\/wp\/v2\/pages\/2727\/revisions\/4071"}],"wp:attachment":[{"href":"https:\/\/www.thulieu.com\/index.php?rest_route=%2Fwp%2Fv2%2Fmedia&parent=2727"}],"curies":[{"name":"wp","href":"https:\/\/api.w.org\/{rel}","templated":true}]}}